t of 7636822458?
8
What is the ten thousands digit of 10087608?
8
What is the ten thousands digit of 753613032?
1
What is the units digit of 52665097?
7
What is the hundreds digit of 830380540?
5
What is the millions digit of 56683834?
6
What is the ten millions digit of 65778575?
6
What is the thousands digit of 390522922?
2
What is the tens digit of 103219641?
4
What is the ten thousands digit of 54897002?
9
What is the tens digit of 409570374?
7
What is the millions digit of 723364451?
3
What is the ten millions digit of 37302671?
3
What is the millions digit of 506450885?
6
What is the ten thousands digit of 3399586312?
8
What is the units digit of 5730446675?
5
What is the hundreds digit of 1543436935?
9
What is the hundreds digit of 3408963742?
7
What is the ten millions digit of 595348150?
9
What is the ten thousands digit of 923412508?
1
What is the millions digit of 23032608?
3
What is the millions digit of 33355702?
3
What is the units digit of 3057639207?
7
What is the ten millions digit of 121004355?
2
What is the hundreds digit of 1387661770?
7
What is the millions digit of 2509065031?
9
What is the thousands digit of 151997436?
7
What is the thousands digit of 1477989830?
9
What is the hundred millions digit of 538035307?
5
What is the hundreds digit of 634629152?
1
What is the hundreds digit of 30453157?
1
What is the ten millions digit of 6836057404?
3
What is the ten millions digit of 83410113?
8
What is the thousands digit of 11523905?
3
What is the hundred thousands digit of 148661831?
6
What is the hundreds digit of 977192281?
2
What is the millions digit of 120747328?
0
What is the units digit of 13312207?
7
What is the tens digit of 1691360691?
9
What is the ten millions digit of 460055431?
6
What is the tens digit of 3487992807?
0
What is the ten millions digit of 413027294?
1
What is the thousands digit of 1951548170?
8
What is the ten millions digit of 258973852?
5
What is the millions digit of 246149106?
6
What is the ten millions digit of 772404425?
7
What is the hundred thousands digit of 60074071?
0
What is the tens digit of 7160054?
5
What is the hundred thousands digit of 73867909?
8
What is the hundreds digit of 1806463770?
7
What is the units digit of 397037649?
9
What is the millions digit of 123387936?
3
What is the tens digit of 612974463?
6
What is the units digit of 29786663?
3
What is the millions digit of 121451069?
1
What is the hundreds digit of 380853815?
8
What is the hundreds digit of 681404745?
7
What is the millions digit of 126779841?
6
What is the tens digit of 2374386342?
4
What is the hundred thousands digit of 1136760257?
7
What is the units digit of 25275892?
2
What is the ten thousands digit of 3125163?
2
What is the ten thousands digit of 4110816737?
1
What is the millions digit of 110735758?
0
What is the hundred millions digit of 5341194087?
3
What is the ten thousands digit of 349920708?
2
What is the hundred thousands digit of 47485397?
4
What is the hundreds digit of 79311449?
4
What is the tens digit of 64043823?
2
What is the tens digit of 209663308?
0
What is the tens digit of 6278382991?
9
What is the units digit of 38212297?
7
What is the units digit of 644438550?
0
What is the ten thousands digit of 2510140?
1
What is the thousands digit of 208461738?
1
What is the hundred thousands digit of 609413294?
4
What is the hundreds digit of 964590675?
6
What is the units digit of 1295972708?
8
What is the hundreds digit of 364937536?
5
What is the units digit of 139141790?
0
What is the thousands digit of 148625842?
5
What is the thousands digit of 15605887?
5
What is the hundreds digit of 240324470?
4
What is the ten millions digit of 1847223125?
4
What is the ten thousands digit of 11554371?
5
What is the thousands digit of 6549203507?
3
What is the ten thousands digit of 53063311?
6
What is the millions digit of 112147456?
2
What is the units digit of 215489820?
0
What is the billions digit of 2055292619?
2
What is the hundred thousands digit of 257658409?
6
What is the thousands digit of 7041133048?
3
What is the millions digit of 41785442?
1
What is the tens digit of 6454038123?
2
What is the units digit of 338605155?
5
What is the hundred thousands digit of 144012035?
0
What is the tens digit of 63000763?
6
What is the tens digit of 7732001?
0
What is the tens digit of 15899990?
9
What is the millions digit of 41462093?
1
What is the hundreds digit of 1588894497?
4
What is the tens digit of 440996127?
2
What is the hundred millions digit of 206393445?
2
What is the ten thousands digit of 2122167126?
6
What is the millions digit of 3217171?
3
What is the ten millions digit of 5804875143?
0
What is the millions digit of 5595321512?
5
What is the ten thousands digit of 1096218620?
1
What is the units digit of 215020823?
3
What is the hundreds digit of 66359955?
9
What is the millions digit of 32460388?
2
What is the ten thousands digit of 139055760?
5
What is the ten thousands digit of 888692034?
9
What is the hundred thousands digit of 15187991?
1
What is the ten millions digit of 1727363996?
2
What is the thousands digit of 2677133537?
3
What is the ten thousands digit of 163906220?
0
What is the hundred thousands digit of 1806436407?
4
What is the thousands digit of 463355734?
5
What is the ten thousands digit of 114048278?
4
What is the units digit of 715514799?
9
What is the millions digit of 80853243?
0
What is the ten millions digit of 35151874?
3
What is the thousands digit of 542430834?
0
What is the ten thousands digit of 690010280?
1
What is the millions digit of 203693174?
3
What is the thousands digit of 6699177591?
7
What is the hundred millions digit of 1507087349?
5
What is the millions digit of 61554297?
1
What is the units digit of 3527249795?
5
What is the hundreds digit of 196550668?
6
What is the units digit of 212551540?
0
What is the hundred millions digit of 1329449690?
3
What is the hundred millions digit of 374205635?
3
What is the units digit of 18784544?
4
What is the ten thousands digit of 122103272?
0
What is the tens digit of 224767450?
5
What is the millions digit of 4668081?
4
What is the hundreds digit of 33014776?
7
What is the tens digit of 3706856919?
1
What is the hundred thousands digit of 66138640?
1
What is the hundred thousands digit of 2330879724?
8
What is the units digit of 381139878?
8
What is the hundreds digit of 50268735?
7
What is the ten thousands digit of 772391924?
9
What is the tens digit of 4473785040?
4
What is the thousands digit of 4004385150?
5
What is the ten millions digit of 34283206?
3
What is the ten thousands digit of 268589128?
8
What is the billions digit of 3718941826?
3
What is the tens digit of 170148949?
4
What is the thousands digit of 968202026?
2
What is the hundreds digit of 295804421?
4
What is the units digit of 3715067727?
7
What is the thousands digit of 32267888?
7
What is the units digit of 28042775?
5
What is the thousands digit of 325640146?
0
What is the thousands digit of 37162595?
2
What is the ten millions digit of 23544062?
2
What is the thousands digit of 3676740295?
0
What is the hundred thousands digit of 2767120318?
1
What is the hundreds digit of 73026377?
3
What is the ten millions digit of 691327746?
9
What is the millions digit of 97259860?
7
What is the millions digit of 3417285939?
7
What is the ten thousands digit of 369254871?
5
What is the tens digit of 441643170?
7
What is the ten thousands digit of 15384743?
8
What is the hundred thousands digit of 3959322817?
3
What is the tens digit of 77530651?
5
What is the millions digit of 78252238?
8
What is the hundreds digit of 3959628491?
4
What is the tens digit of 114662625?
2
What is the hundreds digit of 385128352?
3
What is the ten millions digit of 2822341052?
2
What is the millions digit of 1881606847?
1
What is the hundred thousands digit of 172885264?
8
What is the tens digit of 112799240?
4
What is the ten thousands digit of 16456895?
5
What is the millions digit of 18174315?
8
What is the ten thousands digit of 51765456?
6
What is the billions digit of 1230002128?
1
What is the hundreds digit of 151348274?
2
What is the billions digit of 5318743950?
5
What is the thousands digit of 1945477711?
7
What is the hundreds digit 